{"id":138,"date":"2025-03-15T18:47:03","date_gmt":"2025-03-15T17:47:03","guid":{"rendered":"https:\/\/arbonissa.fr\/?testimonials=dani-g-german"},"modified":"2025-03-20T17:22:59","modified_gmt":"2025-03-20T16:22:59","slug":"dani-g-german","status":"publish","type":"testimonials","link":"https:\/\/arbonissa.fr\/?testimonials=dani-g-german","title":{"rendered":"Herv\u00e9 des Adrets"},"content":{"rendered":"<p>Un travail au top. un professionnel \u00e0 l&rsquo;\u00e9coute et r\u00e9alisant parfaitement ce que nous avions demand\u00e9 en respectant les budgets.<\/p>\n","protected":false},"featured_media":139,"template":"","class_list":["post-138","testimonials","type-testimonials","status-publish","has-post-thumbnail","hentry"],"yoast_head":"<!-- This site is optimized with the Yoast SEO plugin v24.7 - https:\/\/yoast.com\/wordpress\/plugins\/seo\/ -->\n<title>Herv\u00e9 des Adrets -<\/title>\n<meta name=\"robots\" content=\"index, follow, max-snippet:-1, max-image-preview:large, max-video-preview:-1\" \/>\n<link rel=\"canonical\" href=\"https:\/\/arbonissa.fr\/?testimonials=dani-g-german\" \/>\n<meta property=\"og:locale\" content=\"fr_FR\" \/>\n<meta property=\"og:type\" content=\"article\" \/>\n<meta property=\"og:title\" content=\"Herv\u00e9 des Adrets -\" \/>\n<meta property=\"og:description\" content=\"Un travail au top. un professionnel \u00e0 l&rsquo;\u00e9coute et r\u00e9alisant parfaitement ce que nous avions demand\u00e9 en respectant les budgets.\" \/>\n<meta property=\"og:url\" content=\"https:\/\/arbonissa.fr\/?testimonials=dani-g-german\" \/>\n<meta property=\"article:modified_time\" content=\"2025-03-20T16:22:59+00:00\" \/>\n<meta property=\"og:image\" content=\"https:\/\/arbonissa.fr\/wp-content\/uploads\/2025\/03\/testimonialimg1.png\" \/>\n\t<meta property=\"og:image:width\" content=\"78\" \/>\n\t<meta property=\"og:image:height\" content=\"78\" \/>\n\t<meta property=\"og:image:type\" content=\"image\/png\" \/>\n<meta name=\"twitter:card\" content=\"summary_large_image\" \/>\n<script type=\"application\/ld+json\" class=\"yoast-schema-graph\">{\"@context\":\"https:\/\/schema.org\",\"@graph\":[{\"@type\":\"WebPage\",\"@id\":\"https:\/\/arbonissa.fr\/?testimonials=dani-g-german\",\"url\":\"https:\/\/arbonissa.fr\/?testimonials=dani-g-german\",\"name\":\"Herv\u00e9 des Adrets -\",\"isPartOf\":{\"@id\":\"https:\/\/arbonissa.fr\/#website\"},\"primaryImageOfPage\":{\"@id\":\"https:\/\/arbonissa.fr\/?testimonials=dani-g-german#primaryimage\"},\"image\":{\"@id\":\"https:\/\/arbonissa.fr\/?testimonials=dani-g-german#primaryimage\"},\"thumbnailUrl\":\"https:\/\/arbonissa.fr\/wp-content\/uploads\/2025\/03\/testimonialimg1.png\",\"datePublished\":\"2025-03-15T17:47:03+00:00\",\"dateModified\":\"2025-03-20T16:22:59+00:00\",\"breadcrumb\":{\"@id\":\"https:\/\/arbonissa.fr\/?testimonials=dani-g-german#breadcrumb\"},\"inLanguage\":\"fr-FR\",\"potentialAction\":[{\"@type\":\"ReadAction\",\"target\":[\"https:\/\/arbonissa.fr\/?testimonials=dani-g-german\"]}]},{\"@type\":\"ImageObject\",\"inLanguage\":\"fr-FR\",\"@id\":\"https:\/\/arbonissa.fr\/?testimonials=dani-g-german#primaryimage\",\"url\":\"https:\/\/arbonissa.fr\/wp-content\/uploads\/2025\/03\/testimonialimg1.png\",\"contentUrl\":\"https:\/\/arbonissa.fr\/wp-content\/uploads\/2025\/03\/testimonialimg1.png\",\"width\":78,\"height\":78},{\"@type\":\"BreadcrumbList\",\"@id\":\"https:\/\/arbonissa.fr\/?testimonials=dani-g-german#breadcrumb\",\"itemListElement\":[{\"@type\":\"ListItem\",\"position\":1,\"name\":\"Accueil\",\"item\":\"https:\/\/arbonissa.fr\/\"},{\"@type\":\"ListItem\",\"position\":2,\"name\":\"Herv\u00e9 des Adrets\"}]},{\"@type\":\"WebSite\",\"@id\":\"https:\/\/arbonissa.fr\/#website\",\"url\":\"https:\/\/arbonissa.fr\/\",\"name\":\"ARBONISSA Elagage\",\"description\":\"Sculpteur de nature\",\"publisher\":{\"@id\":\"https:\/\/arbonissa.fr\/#organization\"},\"potentialAction\":[{\"@type\":\"SearchAction\",\"target\":{\"@type\":\"EntryPoint\",\"urlTemplate\":\"https:\/\/arbonissa.fr\/?s={search_term_string}\"},\"query-input\":{\"@type\":\"PropertyValueSpecification\",\"valueRequired\":true,\"valueName\":\"search_term_string\"}}],\"inLanguage\":\"fr-FR\"},{\"@type\":\"Organization\",\"@id\":\"https:\/\/arbonissa.fr\/#organization\",\"name\":\"ARBONISSA Elagage\",\"url\":\"https:\/\/arbonissa.fr\/\",\"logo\":{\"@type\":\"ImageObject\",\"inLanguage\":\"fr-FR\",\"@id\":\"https:\/\/arbonissa.fr\/#\/schema\/logo\/image\/\",\"url\":\"https:\/\/arbonissa.fr\/wp-content\/uploads\/2025\/03\/logo-arbonissa-seul.png\",\"contentUrl\":\"https:\/\/arbonissa.fr\/wp-content\/uploads\/2025\/03\/logo-arbonissa-seul.png\",\"width\":227,\"height\":100,\"caption\":\"ARBONISSA Elagage\"},\"image\":{\"@id\":\"https:\/\/arbonissa.fr\/#\/schema\/logo\/image\/\"}}]}<\/script>\n<!-- \/ Yoast SEO plugin. -->","yoast_head_json":{"title":"Herv\u00e9 des Adrets -","robots":{"index":"index","follow":"follow","max-snippet":"max-snippet:-1","max-image-preview":"max-image-preview:large","max-video-preview":"max-video-preview:-1"},"canonical":"https:\/\/arbonissa.fr\/?testimonials=dani-g-german","og_locale":"fr_FR","og_type":"article","og_title":"Herv\u00e9 des Adrets -","og_description":"Un travail au top. un professionnel \u00e0 l&rsquo;\u00e9coute et r\u00e9alisant parfaitement ce que nous avions demand\u00e9 en respectant les budgets.","og_url":"https:\/\/arbonissa.fr\/?testimonials=dani-g-german","article_modified_time":"2025-03-20T16:22:59+00:00","og_image":[{"width":78,"height":78,"url":"https:\/\/arbonissa.fr\/wp-content\/uploads\/2025\/03\/testimonialimg1.png","type":"image\/png"}],"twitter_card":"summary_large_image","schema":{"@context":"https:\/\/schema.org","@graph":[{"@type":"WebPage","@id":"https:\/\/arbonissa.fr\/?testimonials=dani-g-german","url":"https:\/\/arbonissa.fr\/?testimonials=dani-g-german","name":"Herv\u00e9 des Adrets -","isPartOf":{"@id":"https:\/\/arbonissa.fr\/#website"},"primaryImageOfPage":{"@id":"https:\/\/arbonissa.fr\/?testimonials=dani-g-german#primaryimage"},"image":{"@id":"https:\/\/arbonissa.fr\/?testimonials=dani-g-german#primaryimage"},"thumbnailUrl":"https:\/\/arbonissa.fr\/wp-content\/uploads\/2025\/03\/testimonialimg1.png","datePublished":"2025-03-15T17:47:03+00:00","dateModified":"2025-03-20T16:22:59+00:00","breadcrumb":{"@id":"https:\/\/arbonissa.fr\/?testimonials=dani-g-german#breadcrumb"},"inLanguage":"fr-FR","potentialAction":[{"@type":"ReadAction","target":["https:\/\/arbonissa.fr\/?testimonials=dani-g-german"]}]},{"@type":"ImageObject","inLanguage":"fr-FR","@id":"https:\/\/arbonissa.fr\/?testimonials=dani-g-german#primaryimage","url":"https:\/\/arbonissa.fr\/wp-content\/uploads\/2025\/03\/testimonialimg1.png","contentUrl":"https:\/\/arbonissa.fr\/wp-content\/uploads\/2025\/03\/testimonialimg1.png","width":78,"height":78},{"@type":"BreadcrumbList","@id":"https:\/\/arbonissa.fr\/?testimonials=dani-g-german#breadcrumb","itemListElement":[{"@type":"ListItem","position":1,"name":"Accueil","item":"https:\/\/arbonissa.fr\/"},{"@type":"ListItem","position":2,"name":"Herv\u00e9 des Adrets"}]},{"@type":"WebSite","@id":"https:\/\/arbonissa.fr\/#website","url":"https:\/\/arbonissa.fr\/","name":"ARBONISSA Elagage","description":"Sculpteur de nature","publisher":{"@id":"https:\/\/arbonissa.fr\/#organization"},"potentialAction":[{"@type":"SearchAction","target":{"@type":"EntryPoint","urlTemplate":"https:\/\/arbonissa.fr\/?s={search_term_string}"},"query-input":{"@type":"PropertyValueSpecification","valueRequired":true,"valueName":"search_term_string"}}],"inLanguage":"fr-FR"},{"@type":"Organization","@id":"https:\/\/arbonissa.fr\/#organization","name":"ARBONISSA Elagage","url":"https:\/\/arbonissa.fr\/","logo":{"@type":"ImageObject","inLanguage":"fr-FR","@id":"https:\/\/arbonissa.fr\/#\/schema\/logo\/image\/","url":"https:\/\/arbonissa.fr\/wp-content\/uploads\/2025\/03\/logo-arbonissa-seul.png","contentUrl":"https:\/\/arbonissa.fr\/wp-content\/uploads\/2025\/03\/logo-arbonissa-seul.png","width":227,"height":100,"caption":"ARBONISSA Elagage"},"image":{"@id":"https:\/\/arbonissa.fr\/#\/schema\/logo\/image\/"}}]}},"_links":{"self":[{"href":"https:\/\/arbonissa.fr\/index.php?rest_route=\/wp\/v2\/testimonials\/138","targetHints":{"allow":["GET"]}}],"collection":[{"href":"https:\/\/arbonissa.fr\/index.php?rest_route=\/wp\/v2\/testimonials"}],"about":[{"href":"https:\/\/arbonissa.fr\/index.php?rest_route=\/wp\/v2\/types\/testimonials"}],"wp:featuredmedia":[{"embeddable":true,"href":"https:\/\/arbonissa.fr\/index.php?rest_route=\/wp\/v2\/media\/139"}],"wp:attachment":[{"href":"https:\/\/arbonissa.fr\/index.php?rest_route=%2Fwp%2Fv2%2Fmedia&parent=138"}],"curies":[{"name":"wp","href":"https:\/\/api.w.org\/{rel}","templated":true}]}}

Hervé des Adrets

<p>Un travail au top. un professionnel à l&rsquo;écoute et réalisant parfaitement ce que nous avions demandé en respectant les budgets.</p>

<!-- This site is optimized with the Yoast SEO plugin v24.7 - https://yoast.com/wordpress/plugins/seo/ -->
<title>Hervé des Adrets -</title>
<meta name="robots" content="index, follow, max-snippet:-1, max-image-preview:large, max-video-preview:-1" />
<link rel="canonical" href="https://arbonissa.fr/?testimonials=dani-g-german" />
<meta property="og:locale" content="fr_FR" />
<meta property="og:type" content="article" />
<meta property="og:title" content="Hervé des Adrets -" />
<meta property="og:description" content="Un travail au top. un professionnel à l&rsquo;écoute et réalisant parfaitement ce que nous avions demandé en respectant les budgets." />
<meta property="og:url" content="https://arbonissa.fr/?testimonials=dani-g-german" />
<meta property="article:modified_time" content="2025-03-20T16:22:59+00:00" />
<meta property="og:image" content="https://arbonissa.fr/wp-content/uploads/2025/03/testimonialimg1.png" />
	<meta property="og:image:width" content="78" />
	<meta property="og:image:height" content="78" />
	<meta property="og:image:type" content="image/png" />
<meta name="twitter:card" content="summary_large_image" />
<script type="application/ld+json" class="yoast-schema-graph">{"@context":"https://schema.org","@graph":[{"@type":"WebPage","@id":"https://arbonissa.fr/?testimonials=dani-g-german","url":"https://arbonissa.fr/?testimonials=dani-g-german","name":"Hervé des Adrets -","isPartOf":{"@id":"https://arbonissa.fr/#website"},"primaryImageOfPage":{"@id":"https://arbonissa.fr/?testimonials=dani-g-german#primaryimage"},"image":{"@id":"https://arbonissa.fr/?testimonials=dani-g-german#primaryimage"},"thumbnailUrl":"https://arbonissa.fr/wp-content/uploads/2025/03/testimonialimg1.png","datePublished":"2025-03-15T17:47:03+00:00","dateModified":"2025-03-20T16:22:59+00:00","breadcrumb":{"@id":"https://arbonissa.fr/?testimonials=dani-g-german#breadcrumb"},"inLanguage":"fr-FR","potentialAction":[{"@type":"ReadAction","target":["https://arbonissa.fr/?testimonials=dani-g-german"]}]},{"@type":"ImageObject","inLanguage":"fr-FR","@id":"https://arbonissa.fr/?testimonials=dani-g-german#primaryimage","url":"https://arbonissa.fr/wp-content/uploads/2025/03/testimonialimg1.png","contentUrl":"https://arbonissa.fr/wp-content/uploads/2025/03/testimonialimg1.png","width":78,"height":78},{"@type":"BreadcrumbList","@id":"https://arbonissa.fr/?testimonials=dani-g-german#breadcrumb","itemListElement":[{"@type":"ListItem","position":1,"name":"Accueil","item":"https://arbonissa.fr/"},{"@type":"ListItem","position":2,"name":"Hervé des Adrets"}]},{"@type":"WebSite","@id":"https://arbonissa.fr/#website","url":"https://arbonissa.fr/","name":"ARBONISSA Elagage","description":"Sculpteur de nature","publisher":{"@id":"https://arbonissa.fr/#organization"},"potentialAction":[{"@type":"SearchAction","target":{"@type":"EntryPoint","urlTemplate":"https://arbonissa.fr/?s={search_term_string}"},"query-input":{"@type":"PropertyValueSpecification","valueRequired":true,"valueName":"search_term_string"}}],"inLanguage":"fr-FR"},{"@type":"Organization","@id":"https://arbonissa.fr/#organization","name":"ARBONISSA Elagage","url":"https://arbonissa.fr/","logo":{"@type":"ImageObject","inLanguage":"fr-FR","@id":"https://arbonissa.fr/#/schema/logo/image/","url":"https://arbonissa.fr/wp-content/uploads/2025/03/logo-arbonissa-seul.png","contentUrl":"https://arbonissa.fr/wp-content/uploads/2025/03/logo-arbonissa-seul.png","width":227,"height":100,"caption":"ARBONISSA Elagage"},"image":{"@id":"https://arbonissa.fr/#/schema/logo/image/"}}]}</script>
<!-- / Yoast SEO plugin. -->

Hervé des Adrets -

Un travail au top. un professionnel à l&rsquo;écoute et réalisant parfaitement ce que nous avions demandé en respectant les budgets.
